*2 - 11*m. Calculate i(-4).
14
Let l(n) = -n**3 + 3*n**2 - 4*n + 3. Suppose -15*m + 15 = -10*m. Give l(m).
-9
Let p(c) be the third derivative of -7*c**4/24 + c**3/6 - c**2. Let q = 2 - -9. Suppose -8*h = 4*d - 3*h - q, 4*d + 19 = 5*h. Give p(d).
8
Let c(f) = -f**3 - 22*f**2 - 20*f + 20. Let h be c(-21). Let i(m) = 3 + 3 - m**2 + 0*m**2 - 5. Give i(h).
0
Let w(s) = -10 + 3 + s + 4 + 1. Give w(7).
5
Let p(x) be the third derivative of 0*x - 7*x**2 + 1/24*x**4 + 0 + 1/6*x**3. What is p(5)?
6
Let t(d) = -d**2 + 7. Suppose 5*j - 8 = -8. Calculate t(j).
7
Let k(a) = 0*a**3 + 2*a**3 - 3*a**3 - 3*a + 5*a + 2 - 4*a**2. Suppose -3*g = 5*o - 13, -3*o = -2*g + o - 28. Give k(g).
-6
Let y(l) = l**2 + 4*l - 5. Let k(b) = -b**2 - 8*b - 4. Let m be k(-7). Let d be 2 - 18/(6 - m). Give y(d).
-5
Let z(y) = 3*y**3 - y**2 - y + 1. Let f(t) = -t**3 + 5*t**2 + 6*t + 6. Let b be f(6). Let n be ((-4)/b)/((-2)/3). Suppose -3*r + n = -2. What is z(r)?
2
Let b(s) = -8*s + 10. Let c(k) = -23*k + 29. Let o(l) = 17*b(l) - 6*c(l). What is o(-6)?
-16
Let a be -2*-1*(-3)/(-6). Let o(t) be the first derivative of -3*t**4/2 + t - 4. Calculate o(a).
-5
Let m(o) = -o**3 + 3 - 3*o**2 + 2*o**3 - 4*o + 3*o. Let d(x) = -2*x - 6. Let n be d(-4). Suppose 4*v = n*v + f + 1, 5*f = 25. Determine m(v).
0
Let m(j) be the second derivative of j**5/20 - 5*j**4/12 - 2*j**3/3 - 2*j**2 + 6*j. What is m(6)?
8
Let h(v) = 4*v**3 + 4*v**2 - 4*v - 5. Let i(u) = u**3 + u**2 - u. Let g(q) = h(q) - 3*i(q). Calculate g(0).
-5
Let g(m) = -2*m - 8. Let i(p) = 9*p + 39. Let t(o) = 24*g(o) + 5*i(o). Let x = -4 - -7. Calculate t(x).
-6
Suppose 0*v - 5*v = -25. Let y(g) = 4*g - v + 0 + 0*g - 3*g. Let q(d) = -d + 6. Let a(z) = -4*q(z) - 5*y(z). What is a(1)?
0
Let p(v) = v**2 - 4. Let j be 0 - (-3 - -12)/(-3). Determine p(j).
5
Let t(m) be the first derivative of m**4/24 - 5*m**3/6 + m**2 - 1. Let s(u) be the second derivative of t(u). Let o(j) = j - 5. Let a be o(9). Give s(a).
-1
Let t(y) = -y**3 - 4*y**2 + 6*y. Let s be (-7)/(-3) + 3/(-9). Suppose 3*w = -l + s - 7, -4*w = -3*l - 15. Determine t(l).
-5
Let c(q) = -q + 3. Suppose 3*w = -5*y - 12, -5*y + 5*w = -2*y + 14. Let x be -3*(2 + y)*-1. Let g be (-8 - 1)/(x/2). Give c(g).
-3
Let d be 2*(-35)/14 + 2/2. Let p(a) = a**2 - a + 1. Let x(m) = -4*m**2 - m + 2. Let n(z) = 3*p(z) + x(z). Determine n(d).
5
Suppose 6 + 14 = -3*c + 2*n, -23 = 3*c - 5*n. Let y(f) = -f - 6. Calculate y(c).
0
Let z(m) = 11*m + 4. Let k(j) = 5*j + 2. Let d(q) = -13*k(q) + 6*z(q). Suppose 0 = 8*t - 3*t - 25. Determine d(t).
3
Let z(i) be the first derivative of -i**2/2 - 16*i - 28. What is z(0)?
-16
Let d(x) = 9*x**3 + 2*x**2 + 2*x + 1. Suppose -12*w + 10*w - 2 = 0. Determine d(w).
-8
Let u(z) = -3*z**2 + 9*z - 3. Let r(f) = -f**2 + f + 1. Let w(t) = t**2 + 5. Let b be w(0). Suppose -j - b = -6. Let p(o) = j*u(o) - 4*r(o). What is p(-6)?
-1
Let a be (1/(-2))/(8/960). Let d be (-4)/(-26) + a/52. Let j(n) = 4*n**2 - 1. Determine j(d).
3
Let f(t) = t - 2 - 3*t - t**2 - 2*t. Suppose 5*x + 12 = 2*x, 2*x + 23 = -3*z. Calculate f(z).
-7
Let i(q) = 3*q + 1. Suppose 3*r = 3*t - 18, 6*t = 3*r + t + 24. Let y be -3 + -1*(r - 2). Calculate i(y).
7
Let s(y) = y**3 + 4*y**2 + 2*y - 3. Let m be s(-3). Let n(b) = -b**2 - 3*b - 3. Let o(h) = 4*h**2 + 10*h + 9. Let k(z) = -7*n(z) - 2*o(z). Determine k(m).
3
Suppose 8 = 5*p - 47. Let c(o) = -o + 8. Determine c(p).
-3
Let h be 10/4*(1 + 1). Let w(u) = -4 - 1 + 4*u**2 - 3*u**2 + h*u. Let p(j) = 6*j**3 + j**2 + j + 1. Let t be p(-1). Calculate w(t).
-5
Let m(a) = 51 - 7*a - 25 + 2*a - 27. Calculate m(1).
-6
Let b(r) = -r**2 + 3*r + 2. Let s(l) = l**3 - 2*l**2 - l. Let c be s(-1). Determine b(c).
-8
Let h(n) = -11*n**3 - 1. Suppose 5*d + 5 = -0*d. Calculate h(d).
10
Let u = 9 - 5. Let f(q) = -3*q. Calculate f(u).
-12
Let n(v) = 15*v**2 - 2 + 3 - 2*v - 4*v**2. Calculate n(1).
10
Let c(m) = m**3 - 2*m**2. Suppose 4*q - 14 = x, 2 = -0*x + 5*x + 4*q. Calculate c(x).
-16
Suppose 16 = 4*w - 5*t, 2*w - 14 + 4 = 3*t. Let d(j) = -8*j**2 - j. Give d(w).
-7
Let m(x) be the first derivative of -x**3/3 + 2*x**2 + 4*x - 2. Suppose -3*f = -0 - 15. What is m(f)?
-1
Let w be (-56)/(-6) + (-2)/6. Let l(m) = -m**2 + 9*m - 3. Let j be l(w). Let b(v) be the second derivative of -v**4/12 - 5*v**3/6 + 2*v. What is b(j)?
6
Let s(l) = -l**3 + 4*l**2 - 2*l - 2. Let m be s(2). Let a(v) = -2*v - 3*v**2 - v**3 - v**2 + m + v. Determine a(-3).
-4
Let z(n) be the first derivative of n**4/4 - n**2/2 + 5. Determine z(1).
0
Let l(f) = 5 + 3*f + 6 - f**2 + 0*f**2 - 6. Determine l(4).
1
Suppose -11 = -3*r + 1. Suppose 4*m + r = 8. Let j(x) = -8*x**2 - x + 1. Calculate j(m).
-8
Suppose 2*d + 0*d - 6 = 0. Let r(a) = -2*a**3 - d*a**2 + 0*a**3 + a + a**3. Suppose 94 = -5*x - p + 78, -3*x + 3*p - 6 = 0. Calculate r(x).
-3
Let y(f) = f**2 - 6*f + 1. Let o(l) be the second derivative of -1/6*l**3 + 0 - 7/12*l**4 - 1/20*l**5 - l**2 + l. Let q be o(-7). Determine y(q).
-4
Let o = 130 + -66. Let t be (o/(-24))/(6/9). Let s(a) = -a**2 - 8*a. Let l(i) = 5*i**2 + 41*i - 1. Let k(g) = 2*l(g) + 11*s(g). Give k(t).
6
Let d(j) = -j. Let w(h) = -7*h + 1. Let p(f) = 6*d(f) - w(f). Determine p(0).
-1
Let o(q) = q**2 + 6*q - 3. Suppose 0*l - 8 = 2*x + 3*l, 2*l - 4 = 0. Give o(x).
4
Let t(p) = -2*p**2 + 5. Let q(w) = 3*w**2 - 7. Let v(a) = -5*q(a) - 7*t(a). Calculate v(-1).
-1
Let i(l) = l**3 + l**2 - 1. Let d = -4 - -7. Let z(f) = 7*f**3 + 2*f**2 + f - 3. Let s(j) = d*i(j) - z(j). Determine s(1).
-4
Let q(w) be the first derivative of 1/2*w**2 - 5*w + 3. What is q(6)?
1
Let u be 1*(7 + 2 + -2). Suppose -u + 2 = q + 3*l, 4*q - 14 = 5*l. Let z(j) = 6*j**2 + j - 1. Give z(q).
6
Let l(c) be the first derivative of c**4/4 + c**3/3 - c**2 - 43. Determine l(-2).
0
Let z(k) = -k + 6. Let g be (-161)/(-21) - (-4)/(-6). What is z(g)?
-1
Let s(l) be the third derivative of l**4/12 - 5*l**3/3 + 2*l**2. Let m = -33 - -41. Calculate s(m).
6
Let a(m) = 5*m**2 - 4 - 4*m**2 + 4 + 5*m. Determine a(-6).
6
Let f(c) be the first derivative of -c**2/2 - c - 8. Determine f(3).
-4
Let c(m) = 9 + 0*m + 2*m - 6*m**2 - 4*m. Let r(d) be the second derivative of d**4/12 + d**3/6 - d**2/2 + d. Let y(n) = c(n) + 5*r(n). Give y(4).
0
Let r = 2 - 0. Let z(x) = x**2 - r - x + 0*x - 4. Let a be (4/(-8))/1*0. Give z(a).
-6
Let k = 8 + -4. Let m(z) = -z. Determine m(k).
-4
Let l(w) = -w**3 - 58*w + 56*w + w**2 - 5*w**2 - 2. Give l(-4).
6
Let f(m) = -m**3 + 5*m**2 + 5*m. Let r(b) = 1. Let k(y) = f(y) + 6*r(y). Let n be (6*1)/(2/2). Determine k(n).
0
Let n(m) be the first derivative of m**2/2 - m + 11. What is n(5)?
4
Let r(x) = -3*x**2 - 3*x - 3. Let q be (-1 + -5)*((-14)/4)/7. Suppose 0 = 3*g - 1 + 7. Let a be ((-6)/(-2))/(q/g). Determine r(a).
-9
Let n(w) be the third derivative of -w**6/120 - w**5/20 + 7*w**4/24 + w**3 + w**2. Let f be (2 + (-5 - -3))/(-2). Suppose -d + f*d = 4. Calculate n(d).
-6
Suppose -2*j + 4*h + 4 = 0, 0 = -2*h - 2*h. Let i(o) = -j*o + 0*o - 3*o + 6*o + 5. Determine i(0).
5
Let i(f) = 5*f**2 + 3*f**3 + 3*f**2 - 2*f**3 - 9*f. Let b be i(-9). Suppose 3*c + 37 = 5*t + 3, b = -2*c + t - 11. Let v(w) = w**2 + 3*w + 3. What is v(c)?
3
Let y(o) = o**2 + o**3 + 8*o - 8*o. Determine y(-2).
-4
Let n(h) = -h**2 + h - 4. Let i = 6 + -6. What is n(i)?
-4
Let f be (-25)/15*(-4 - -1). Suppose 9 = f*b - 6, -b = 5*j - 83. Suppose -j = 2*o + 2*o. Let a(r) = -r**2 - 5*r - 2. Calculate a(o).
2
Let j(p) be the third derivative of 0 - 4*p**2 + 0*p + 1/3*p**3 + 1/12*p**4. What is j(-3)?
-4
Suppose 0 = 4*y - 0*y. Let w(v) = 0 + y*v + 0*v - 5*v + 2. Calculate w(2).
-8
Let b(v) = 2*v + 19. Let t be b(-9). Let d(s) = -s**2 - s - 5. Let n(l) = 2*l**2 + 3*l + 11. Let z(o) = 9*d(o) + 4*n(o). Determine z(t).
1
Suppose 5*f + j = 0, -3*f - 3*j + 0 = -12. Let n(m) = 0 + 2*m + 4*m**2 - m**2 + 1. Calculate n(f).
2
Let f be 3/(-1 - 3/(-6)). Let z be (0 - -6)*(-4)/f. Let d(y) = 5 + z*y - 9 - 3*y. Calculate d(-3).
-7
Let j be (1 + -1)/(3 - 5). Suppose -6*q + 8 = -2*q. Let h(m) = j*m + 1 - m - q. Calculate h(-4).
3
Suppose -5*p = -17 + 27. Let i(m) = 3*m + 1. Determine i(p).
-5
Let l(s) = s**2 - 2*s - 13. Let q be l(9). Let j(m) = q*m + 1 - m**2 - m**3 - 50*m. Determine j(-2).
5
Let p(z) = z + 2. Let q be p(0). Let v be -1*(-3)/2*q. Let h(u) = -u**3 - u**v + 0